{"id":254,"date":"2023-02-13T15:51:12","date_gmt":"2023-02-13T15:51:12","guid":{"rendered":"https:\/\/primecrime.se\/app\/?page_id=254"},"modified":"2025-04-24T12:07:02","modified_gmt":"2025-04-24T12:07:02","slug":"om-oss","status":"publish","type":"page","link":"https:\/\/primecrime.se\/app\/om-oss\/","title":{"rendered":"Om Oss"},"content":{"rendered":"\n<h2 class=\"wp-block-heading\" id=\"prime-crime-for-true-crime-fans-av-true-crime-fans\">V\u00e5r historia \u00e5r f\u00f6r \u00e5r<\/h2>\n\n\n\n<p><strong>2020<\/strong><br><br>Prime Crime startas av en grupp med ett stort juridiskt intresse som tillsammans granskade svenska r\u00e4tteg\u00e5ngar som\u00a0\u00e5h\u00f6rare. Framf\u00f6r allt i Stockholms tingsr\u00e4tt. Initiativet kom till under Covid-19 pandemin n\u00e4r tingsr\u00e4tten begr\u00e4nsade antalet \u00e5h\u00f6rare i salarna, och informationen kring profilerade r\u00e4tteg\u00e5ngar i media var bristf\u00e4llig samt pr\u00e4glades av journalisternas\u00a0subjektiva uppfattningar och v\u00e4rderingar av h\u00e4ndelser, och s\u00e5 kallade &#8220;click baits&#8221;.\u00a0<br><br><strong>2021<\/strong><br><br>Prime Crime blir en app d\u00e4r det lilla true crime communityt kan forts\u00e4tta att lyssna p\u00e5 och granska svenska r\u00e4ttsfall.<br><br><strong>2022<\/strong><br><br>Prime Crime f\u00e5r sv\u00e5rt att kunna leva vidare p\u00e5 hobbyniv\u00e5 och det kr\u00e4vs nya resurser f\u00f6r att kunna ha en verksamhet som lever upp till krav f\u00f6r att kunna bedriva en journalistisk verksamhet.\u00a0<br><br><strong>2023<\/strong><br><br>Prime Crime k\u00f6ps upp och f\u00e5r helt nya \u00e4gare och en ny ansvarig utgivare med gedigen erfarenhet tills\u00e4tts.\u00a0 Nu l\u00e4ggs kursen om till att bli en renodlad nyhetsapp om svenska brottsfall. Ett kontor med en redaktion i Stockholm uppf\u00f6rs och Johan Apel blir ansvarig utgivare.<br><br><strong>2024<\/strong><br><br>Prime Crime n\u00e5r 100.000 prenumeranter p\u00e5 YouTube.<br><br><strong>2025<\/strong><br><br>Prime Crime forts\u00e4tter att utvecklas i takt med nya lagar och hur omv\u00e4rlden ser ut. Fokuset \u00e4r att leverera h\u00f6gkvalitativa nyheter och djupdykningar i Svenska r\u00e4ttsfall.<\/p>\n","protected":false},"excerpt":{"rendered":"<p>V\u00e5r historia \u00e5r f\u00f6r \u00e5r 2020 Prime Crime startas av en grupp med ett stort juridiskt intresse som tillsammans granskade svenska r\u00e4tteg\u00e5ngar som\u00a0\u00e5h\u00f6rare. Framf\u00f6r allt i Stockholms tingsr\u00e4tt. Initiativet kom till under Covid-19 pandemin n\u00e4r tingsr\u00e4tten begr\u00e4nsade antalet \u00e5h\u00f6rare i salarna, och informationen kring profilerade r\u00e4tteg\u00e5ngar i media var bristf\u00e4llig samt pr\u00e4glades av journalisternas\u00a0subjektiva uppfattningar&hellip;<\/p>\n","protected":false},"author":1,"featured_media":242,"parent":0,"menu_order":0,"comment_status":"closed","ping_status":"closed","template":"","meta":{"_acf_changed":false,"footnotes":""},"class_list":["post-254","page","type-page","status-publish","has-post-thumbnail","hentry"],"acf":[],"yoast_head":"<!-- This site is optimized with the Yoast SEO plugin v26.0 - https:\/\/yoast.com\/wordpress\/plugins\/seo\/ -->\n<title>Om Oss - Primecrime<\/title>\n<meta name=\"robots\" content=\"index, follow, max-snippet:-1, max-image-preview:large, max-video-preview:-1\" \/>\n<link rel=\"canonical\" href=\"https:\/\/primecrime.se\/app\/om-oss\/\" \/>\n<meta property=\"og:locale\" content=\"en_US\" \/>\n<meta property=\"og:type\" content=\"article\" \/>\n<meta property=\"og:title\" content=\"Om Oss - Primecrime\" \/>\n<meta property=\"og:description\" content=\"V\u00e5r historia \u00e5r f\u00f6r \u00e5r 2020 Prime Crime startas av en grupp med ett stort juridiskt intresse som tillsammans granskade svenska r\u00e4tteg\u00e5ngar som\u00a0\u00e5h\u00f6rare. Framf\u00f6r allt i Stockholms tingsr\u00e4tt. Initiativet kom till under Covid-19 pandemin n\u00e4r tingsr\u00e4tten begr\u00e4nsade antalet \u00e5h\u00f6rare i salarna, och informationen kring profilerade r\u00e4tteg\u00e5ngar i media var bristf\u00e4llig samt pr\u00e4glades av journalisternas\u00a0subjektiva uppfattningar&hellip;\" \/>\n<meta property=\"og:url\" content=\"https:\/\/primecrime.se\/app\/om-oss\/\" \/>\n<meta property=\"og:site_name\" content=\"Primecrime\" \/>\n<meta property=\"article:publisher\" content=\"https:\/\/www.facebook.com\/primecrime.se\" \/>\n<meta property=\"article:modified_time\" content=\"2025-04-24T12:07:02+00:00\" \/>\n<meta property=\"og:image\" content=\"https:\/\/primecrime.se\/app\/wp-content\/uploads\/2023\/02\/Skarmavbild-2020-11-17-kl.-08.56.49-scaled.jpg\" \/>\n\t<meta property=\"og:image:width\" content=\"2560\" \/>\n\t<meta property=\"og:image:height\" content=\"1438\" \/>\n\t<meta property=\"og:image:type\" content=\"image\/jpeg\" \/>\n<meta name=\"twitter:card\" content=\"summary_large_image\" \/>\n<meta name=\"twitter:site\" content=\"@primecrimese\" \/>\n<meta name=\"twitter:label1\" content=\"Est. reading time\" \/>\n\t<meta name=\"twitter:data1\" content=\"1 minute\" \/>\n<script type=\"application\/ld+json\" class=\"yoast-schema-graph\">{\"@context\":\"https:\/\/schema.org\",\"@graph\":[{\"@type\":\"WebPage\",\"@id\":\"https:\/\/primecrime.se\/app\/om-oss\/\",\"url\":\"https:\/\/primecrime.se\/app\/om-oss\/\",\"name\":\"Om Oss - Primecrime\",\"isPartOf\":{\"@id\":\"https:\/\/primecrime.se\/app\/#website\"},\"primaryImageOfPage\":{\"@id\":\"https:\/\/primecrime.se\/app\/om-oss\/#primaryimage\"},\"image\":{\"@id\":\"https:\/\/primecrime.se\/app\/om-oss\/#primaryimage\"},\"thumbnailUrl\":\"https:\/\/primecrime.se\/app\/wp-content\/uploads\/2023\/02\/Skarmavbild-2020-11-17-kl.-08.56.49-scaled.jpg\",\"datePublished\":\"2023-02-13T15:51:12+00:00\",\"dateModified\":\"2025-04-24T12:07:02+00:00\",\"breadcrumb\":{\"@id\":\"https:\/\/primecrime.se\/app\/om-oss\/#breadcrumb\"},\"inLanguage\":\"en-US\",\"potentialAction\":[{\"@type\":\"ReadAction\",\"target\":[\"https:\/\/primecrime.se\/app\/om-oss\/\"]}]},{\"@type\":\"ImageObject\",\"inLanguage\":\"en-US\",\"@id\":\"https:\/\/primecrime.se\/app\/om-oss\/#primaryimage\",\"url\":\"https:\/\/primecrime.se\/app\/wp-content\/uploads\/2023\/02\/Skarmavbild-2020-11-17-kl.-08.56.49-scaled.jpg\",\"contentUrl\":\"https:\/\/primecrime.se\/app\/wp-content\/uploads\/2023\/02\/Skarmavbild-2020-11-17-kl.-08.56.49-scaled.jpg\",\"width\":2560,\"height\":1438},{\"@type\":\"BreadcrumbList\",\"@id\":\"https:\/\/primecrime.se\/app\/om-oss\/#breadcrumb\",\"itemListElement\":[{\"@type\":\"ListItem\",\"position\":1,\"name\":\"Home\",\"item\":\"https:\/\/primecrime.se\/app\/\"},{\"@type\":\"ListItem\",\"position\":2,\"name\":\"Om Oss\"}]},{\"@type\":\"WebSite\",\"@id\":\"https:\/\/primecrime.se\/app\/#website\",\"url\":\"https:\/\/primecrime.se\/app\/\",\"name\":\"PimeCrime\",\"description\":\"\",\"publisher\":{\"@id\":\"https:\/\/primecrime.se\/app\/#organization\"},\"potentialAction\":[{\"@type\":\"SearchAction\",\"target\":{\"@type\":\"EntryPoint\",\"urlTemplate\":\"https:\/\/primecrime.se\/app\/?s={search_term_string}\"},\"query-input\":{\"@type\":\"PropertyValueSpecification\",\"valueRequired\":true,\"valueName\":\"search_term_string\"}}],\"inLanguage\":\"en-US\"},{\"@type\":\"Organization\",\"@id\":\"https:\/\/primecrime.se\/app\/#organization\",\"name\":\"Prime Crime\",\"url\":\"https:\/\/primecrime.se\/app\/\",\"logo\":{\"@type\":\"ImageObject\",\"inLanguage\":\"en-US\",\"@id\":\"https:\/\/primecrime.se\/app\/#\/schema\/logo\/image\/\",\"url\":\"https:\/\/primecrime.se\/app\/wp-content\/uploads\/2023\/02\/mockup-of-a-round-outdoor-sign.png\",\"contentUrl\":\"https:\/\/primecrime.se\/app\/wp-content\/uploads\/2023\/02\/mockup-of-a-round-outdoor-sign.png\",\"width\":1920,\"height\":1280,\"caption\":\"Prime Crime\"},\"image\":{\"@id\":\"https:\/\/primecrime.se\/app\/#\/schema\/logo\/image\/\"},\"sameAs\":[\"https:\/\/www.facebook.com\/primecrime.se\",\"https:\/\/x.com\/primecrimese\",\"https:\/\/www.instagram.com\/primecrime.se\/\",\"https:\/\/www.youtube.com\/channel\/UCWEzkHZ0IdBW5ZgBcDFr_0Q\"]}]}<\/script>\n<!-- \/ Yoast SEO plugin. -->","yoast_head_json":{"title":"Om Oss - Primecrime","robots":{"index":"index","follow":"follow","max-snippet":"max-snippet:-1","max-image-preview":"max-image-preview:large","max-video-preview":"max-video-preview:-1"},"canonical":"https:\/\/primecrime.se\/app\/om-oss\/","og_locale":"en_US","og_type":"article","og_title":"Om Oss - Primecrime","og_description":"V\u00e5r historia \u00e5r f\u00f6r \u00e5r 2020 Prime Crime startas av en grupp med ett stort juridiskt intresse som tillsammans granskade svenska r\u00e4tteg\u00e5ngar som\u00a0\u00e5h\u00f6rare. Framf\u00f6r allt i Stockholms tingsr\u00e4tt. Initiativet kom till under Covid-19 pandemin n\u00e4r tingsr\u00e4tten begr\u00e4nsade antalet \u00e5h\u00f6rare i salarna, och informationen kring profilerade r\u00e4tteg\u00e5ngar i media var bristf\u00e4llig samt pr\u00e4glades av journalisternas\u00a0subjektiva uppfattningar&hellip;","og_url":"https:\/\/primecrime.se\/app\/om-oss\/","og_site_name":"Primecrime","article_publisher":"https:\/\/www.facebook.com\/primecrime.se","article_modified_time":"2025-04-24T12:07:02+00:00","og_image":[{"width":2560,"height":1438,"url":"https:\/\/primecrime.se\/app\/wp-content\/uploads\/2023\/02\/Skarmavbild-2020-11-17-kl.-08.56.49-scaled.jpg","type":"image\/jpeg"}],"twitter_card":"summary_large_image","twitter_site":"@primecrimese","twitter_misc":{"Est. reading time":"1 minute"},"schema":{"@context":"https:\/\/schema.org","@graph":[{"@type":"WebPage","@id":"https:\/\/primecrime.se\/app\/om-oss\/","url":"https:\/\/primecrime.se\/app\/om-oss\/","name":"Om Oss - Primecrime","isPartOf":{"@id":"https:\/\/primecrime.se\/app\/#website"},"primaryImageOfPage":{"@id":"https:\/\/primecrime.se\/app\/om-oss\/#primaryimage"},"image":{"@id":"https:\/\/primecrime.se\/app\/om-oss\/#primaryimage"},"thumbnailUrl":"https:\/\/primecrime.se\/app\/wp-content\/uploads\/2023\/02\/Skarmavbild-2020-11-17-kl.-08.56.49-scaled.jpg","datePublished":"2023-02-13T15:51:12+00:00","dateModified":"2025-04-24T12:07:02+00:00","breadcrumb":{"@id":"https:\/\/primecrime.se\/app\/om-oss\/#breadcrumb"},"inLanguage":"en-US","potentialAction":[{"@type":"ReadAction","target":["https:\/\/primecrime.se\/app\/om-oss\/"]}]},{"@type":"ImageObject","inLanguage":"en-US","@id":"https:\/\/primecrime.se\/app\/om-oss\/#primaryimage","url":"https:\/\/primecrime.se\/app\/wp-content\/uploads\/2023\/02\/Skarmavbild-2020-11-17-kl.-08.56.49-scaled.jpg","contentUrl":"https:\/\/primecrime.se\/app\/wp-content\/uploads\/2023\/02\/Skarmavbild-2020-11-17-kl.-08.56.49-scaled.jpg","width":2560,"height":1438},{"@type":"BreadcrumbList","@id":"https:\/\/primecrime.se\/app\/om-oss\/#breadcrumb","itemListElement":[{"@type":"ListItem","position":1,"name":"Home","item":"https:\/\/primecrime.se\/app\/"},{"@type":"ListItem","position":2,"name":"Om Oss"}]},{"@type":"WebSite","@id":"https:\/\/primecrime.se\/app\/#website","url":"https:\/\/primecrime.se\/app\/","name":"PimeCrime","description":"","publisher":{"@id":"https:\/\/primecrime.se\/app\/#organization"},"potentialAction":[{"@type":"SearchAction","target":{"@type":"EntryPoint","urlTemplate":"https:\/\/primecrime.se\/app\/?s={search_term_string}"},"query-input":{"@type":"PropertyValueSpecification","valueRequired":true,"valueName":"search_term_string"}}],"inLanguage":"en-US"},{"@type":"Organization","@id":"https:\/\/primecrime.se\/app\/#organization","name":"Prime Crime","url":"https:\/\/primecrime.se\/app\/","logo":{"@type":"ImageObject","inLanguage":"en-US","@id":"https:\/\/primecrime.se\/app\/#\/schema\/logo\/image\/","url":"https:\/\/primecrime.se\/app\/wp-content\/uploads\/2023\/02\/mockup-of-a-round-outdoor-sign.png","contentUrl":"https:\/\/primecrime.se\/app\/wp-content\/uploads\/2023\/02\/mockup-of-a-round-outdoor-sign.png","width":1920,"height":1280,"caption":"Prime Crime"},"image":{"@id":"https:\/\/primecrime.se\/app\/#\/schema\/logo\/image\/"},"sameAs":["https:\/\/www.facebook.com\/primecrime.se","https:\/\/x.com\/primecrimese","https:\/\/www.instagram.com\/primecrime.se\/","https:\/\/www.youtube.com\/channel\/UCWEzkHZ0IdBW5ZgBcDFr_0Q"]}]}},"_links":{"self":[{"href":"https:\/\/primecrime.se\/app\/wp-json\/wp\/v2\/pages\/254","targetHints":{"allow":["GET"]}}],"collection":[{"href":"https:\/\/primecrime.se\/app\/wp-json\/wp\/v2\/pages"}],"about":[{"href":"https:\/\/primecrime.se\/app\/wp-json\/wp\/v2\/types\/page"}],"author":[{"embeddable":true,"href":"https:\/\/primecrime.se\/app\/wp-json\/wp\/v2\/users\/1"}],"replies":[{"embeddable":true,"href":"https:\/\/primecrime.se\/app\/wp-json\/wp\/v2\/comments?post=254"}],"version-history":[{"count":0,"href":"https:\/\/primecrime.se\/app\/wp-json\/wp\/v2\/pages\/254\/revisions"}],"wp:featuredmedia":[{"embeddable":true,"href":"https:\/\/primecrime.se\/app\/wp-json\/wp\/v2\/media\/242"}],"wp:attachment":[{"href":"https:\/\/primecrime.se\/app\/wp-json\/wp\/v2\/media?parent=254"}],"curies":[{"name":"wp","href":"https:\/\/api.w.org\/{rel}","templated":true}]}}