{"id":232,"date":"2023-02-08T17:17:19","date_gmt":"2023-02-08T17:17:19","guid":{"rendered":"https:\/\/primecrime.se\/app\/?page_id=232"},"modified":"2023-02-08T17:25:29","modified_gmt":"2023-02-08T17:25:29","slug":"tipsa-oss","status":"publish","type":"page","link":"https:\/\/primecrime.se\/app\/tipsa-oss\/","title":{"rendered":"Tipsa Oss"},"content":{"rendered":"\n\n<h4>\n\t\tSkicka oss ditt tips nedan:\n\t<\/h4>\n\t<h4 id=\"finns-det-nagon-dom-som-du-saknar-i-var-databasom-domen-har-fallit-inom-de-senaste-tva-veckorna-kan-vi-sakert-hjalpa-dig\">Finns det n\u00e5gon dom som du saknar i v\u00e5r databas?<\/h4>\n<h4>\nOm domen har fallit inom de senaste tv\u00e5 veckorna kan vi s\u00e4kert hj\u00e4lpa dig.<\/h4>\n\t\t\t\t\t\t\t&quot;*&quot; indicates required fields\n                        <form method='post' enctype='multipart\/form-data' target='gform_ajax_frame_2' id='gform_2'  action='\/primecrime-landing\/?page_id=232&#038;fl_builder#gf_2' novalidate>\n                        <label class='gfield_label' for='input_2_1'>Namn*<\/label><input name='input_1' id='input_2_1' type='text' value='' class='large'   tabindex='100'  aria-required=\"true\" aria-invalid=\"false\"   \/> <label class='gfield_label' for='input_2_3'>E-post*<\/label>\n                            <input name='input_3' id='input_2_3' type='email' value='' class='large' tabindex='101'   aria-required=\"true\" aria-invalid=\"false\"  \/>\n                        <label class='gfield_label' for='input_2_5'>Ange tingsr\u00e4tt*<\/label><select name='input_5' id='input_2_5' class='large gfield_select' tabindex='102'   aria-required=\"true\" aria-invalid=\"false\"><option value='Alings\u00e5s tingsr\u00e4tt'>Alings\u00e5s tingsr\u00e4tt<\/option><option value='Attunda tingsr\u00e4tt'>Attunda tingsr\u00e4tt<\/option><option value='Blekinge tingsr\u00e4tt'>Blekinge tingsr\u00e4tt<\/option><option value='Bor\u00e5s tingsr\u00e4tt'>Bor\u00e5s tingsr\u00e4tt<\/option><option value='Eksj\u00f6 tingsr\u00e4tt'>Eksj\u00f6 tingsr\u00e4tt<\/option><option value='Eskilstuna tingsr\u00e4tt'>Eskilstuna tingsr\u00e4tt<\/option><option value='Falu tingsr\u00e4tt'>Falu tingsr\u00e4tt<\/option><option value='Gotlands tingsr\u00e4tt'>Gotlands tingsr\u00e4tt<\/option><option value='G\u00e4llivare tingsr\u00e4tt'>G\u00e4llivare tingsr\u00e4tt<\/option><option value='G\u00e4vle tingsr\u00e4tt'>G\u00e4vle tingsr\u00e4tt<\/option><option value='G\u00f6teborgs tingsr\u00e4tt'>G\u00f6teborgs tingsr\u00e4tt<\/option><option value='Halmstads tingsr\u00e4tt'>Halmstads tingsr\u00e4tt<\/option><option value='Haparanda tingsr\u00e4tt'>Haparanda tingsr\u00e4tt<\/option><option value='Helsingborgs tingsr\u00e4tt'>Helsingborgs tingsr\u00e4tt<\/option><option value='Hudiksvalls tingsr\u00e4tt'>Hudiksvalls tingsr\u00e4tt<\/option><option value='H\u00e4ssleholms tingsr\u00e4tt'>H\u00e4ssleholms tingsr\u00e4tt<\/option><option value='J\u00f6nk\u00f6pings tingsr\u00e4tt'>J\u00f6nk\u00f6pings tingsr\u00e4tt<\/option><option value='Kalmar tingsr\u00e4tt'>Kalmar tingsr\u00e4tt<\/option><option value='Kristianstads tingsr\u00e4tt'>Kristianstads tingsr\u00e4tt<\/option><option value='Link\u00f6pings tingsr\u00e4tt'>Link\u00f6pings tingsr\u00e4tt<\/option><option value='Lule\u00e5 tingsr\u00e4tt'>Lule\u00e5 tingsr\u00e4tt<\/option><option value='Lunds tingsr\u00e4tt'>Lunds tingsr\u00e4tt<\/option><option value='Lycksele tingsr\u00e4tt'>Lycksele tingsr\u00e4tt<\/option><option value='Malm\u00f6 tingsr\u00e4tt'>Malm\u00f6 tingsr\u00e4tt<\/option><option value='Mora tingsr\u00e4tt'>Mora tingsr\u00e4tt<\/option><option value='Nacka tingsr\u00e4tt'>Nacka tingsr\u00e4tt<\/option><option value='Norrk\u00f6pings tingsr\u00e4tt'>Norrk\u00f6pings tingsr\u00e4tt<\/option><option value='Norrt\u00e4lje tingsr\u00e4tt'>Norrt\u00e4lje tingsr\u00e4tt<\/option><option value='Nyk\u00f6pings tingsr\u00e4tt'>Nyk\u00f6pings tingsr\u00e4tt<\/option><option value='Skaraborgs tingsr\u00e4tt'>Skaraborgs tingsr\u00e4tt<\/option><option value='Skellefte\u00e5 tingsr\u00e4tt'>Skellefte\u00e5 tingsr\u00e4tt<\/option><option value='Solna tingsr\u00e4tt'>Solna tingsr\u00e4tt<\/option><option value='Stockholms tingsr\u00e4tt'>Stockholms tingsr\u00e4tt<\/option><option value='Sundsvalls tingsr\u00e4tt'>Sundsvalls tingsr\u00e4tt<\/option><option value='S\u00f6dert\u00e4lje tingsr\u00e4tt'>S\u00f6dert\u00e4lje tingsr\u00e4tt<\/option><option value='S\u00f6dert\u00f6rns tingsr\u00e4tt'>S\u00f6dert\u00f6rns tingsr\u00e4tt<\/option><option value='Uddevalla tingsr\u00e4tt'>Uddevalla tingsr\u00e4tt<\/option><option value='Ume\u00e5 tingsr\u00e4tt'>Ume\u00e5 tingsr\u00e4tt<\/option><option value='Uppsala tingsr\u00e4tt'>Uppsala tingsr\u00e4tt<\/option><option value='Varbergs tingsr\u00e4tt'>Varbergs tingsr\u00e4tt<\/option><option value='V\u00e4nersborgs tingsr\u00e4tt'>V\u00e4nersborgs tingsr\u00e4tt<\/option><option value='V\u00e4rmlands tingsr\u00e4tt'>V\u00e4rmlands tingsr\u00e4tt<\/option><option value='V\u00e4stmanlands tingsr\u00e4tt'>V\u00e4stmanlands tingsr\u00e4tt<\/option><option value='V\u00e4xj\u00f6 tingsr\u00e4tt'>V\u00e4xj\u00f6 tingsr\u00e4tt<\/option><option value='Ystads tingsr\u00e4tt'>Ystads tingsr\u00e4tt<\/option><option value='\u00c5ngermanlands tingsr\u00e4tt'>\u00c5ngermanlands tingsr\u00e4tt<\/option><option value='\u00d6rebro tingsr\u00e4tt'>\u00d6rebro tingsr\u00e4tt<\/option><option value='\u00d6stersunds tingsr\u00e4tt'>\u00d6stersunds tingsr\u00e4tt<\/option><\/select><label class='gfield_label' for='input_2_6'>Ange m\u00e5lnummer*<\/label><input name='input_6' id='input_2_6' type='text' value='' class='large'   tabindex='103' placeholder='Exempelvis B-555' aria-required=\"true\" aria-invalid=\"false\"   \/> <label class='gfield_label' for='input_2_7'>\u00c4rende*<\/label><textarea name='input_7' id='input_2_7' class='textarea medium' tabindex='104'   placeholder='Vet du inte vart domen har fallit? Ange s\u00e5 mycket detaljer som m\u00f6jligt nedan, s\u00e5 ska vi g\u00f6ra v\u00e5rt b\u00e4sta f\u00f6r att kunna best\u00e4lla ljudfilerna.' aria-required=\"true\" aria-invalid=\"false\"   rows='10' cols='50'><\/textarea>\n         <input type='submit' id='gform_submit_button_2' class='gform_button button' value='Skicka' tabindex='105' onclick='if(window[\"gf_submitting_2\"]){return false;}  if( !jQuery(\"#gform_2\")[0].checkValidity || jQuery(\"#gform_2\")[0].checkValidity()){window[\"gf_submitting_2\"]=true;}  ' onkeypress='if( event.keyCode == 13 ){ if(window[\"gf_submitting_2\"]){return false;} if( !jQuery(\"#gform_2\")[0].checkValidity || jQuery(\"#gform_2\")[0].checkValidity()){window[\"gf_submitting_2\"]=true;}  jQuery(\"#gform_2\").trigger(\"submit\",[true]); }' \/> <input type='hidden' name='gform_ajax' value='form_id=2&amp;title=&amp;description=&amp;tabindex=100' \/>\n            <input type='hidden' class='gform_hidden' name='is_submit_2' value='1' \/>\n            <input type='hidden' class='gform_hidden' name='gform_submit' value='2' \/>\n            <input type='hidden' class='gform_hidden' name='gform_unique_id' value='' \/>\n            <input type='hidden' class='gform_hidden' name='state_2' value='WyJbXSIsIjYyZTFmNDkyMDZmNDQxYjI3OTQyNDY4OWNkZDk1MDM2Il0=' \/>\n            <input type='hidden' class='gform_hidden' name='gform_target_page_number_2' id='gform_target_page_number_2' value='0' \/>\n            <input type='hidden' class='gform_hidden' name='gform_source_page_number_2' id='gform_source_page_number_2' value='1' \/>\n            <input type='hidden' name='gform_field_values' value='' \/>\n                        <\/form>\n                <iframe style='display:none;width:0px;height:0px;' src='about:blank' name='gform_ajax_frame_2' id='gform_ajax_frame_2' title='This iframe contains the logic required to handle Ajax powered Gravity Forms.'><\/iframe>\n\n","protected":false},"excerpt":{"rendered":"<p>Skicka oss ditt tips nedan: Finns det n\u00e5gon dom som du saknar i v\u00e5r databas? Om domen har fallit inom de senaste tv\u00e5 veckorna kan vi s\u00e4kert hj\u00e4lpa dig. &quot;*&quot; indicates required fields Namn* E-post* Ange tingsr\u00e4tt*Alings\u00e5s tingsr\u00e4ttAttunda tingsr\u00e4ttBlekinge tingsr\u00e4ttBor\u00e5s tingsr\u00e4ttEksj\u00f6 tingsr\u00e4ttEskilstuna tingsr\u00e4ttFalu tingsr\u00e4ttGotlands tingsr\u00e4ttG\u00e4llivare tingsr\u00e4ttG\u00e4vle tingsr\u00e4ttG\u00f6teborgs tingsr\u00e4ttHalmstads tingsr\u00e4ttHaparanda tingsr\u00e4ttHelsingborgs tingsr\u00e4ttHudiksvalls tingsr\u00e4ttH\u00e4ssleholms tingsr\u00e4ttJ\u00f6nk\u00f6pings tingsr\u00e4ttKalmar tingsr\u00e4ttKristianstads&hellip;<\/p>\n","protected":false},"author":1,"featured_media":233,"parent":0,"menu_order":0,"comment_status":"closed","ping_status":"closed","template":"","meta":{"_acf_changed":false,"footnotes":""},"class_list":["post-232","page","type-page","status-publish","has-post-thumbnail","hentry"],"acf":[],"yoast_head":"<!-- This site is optimized with the Yoast SEO plugin v26.0 - https:\/\/yoast.com\/wordpress\/plugins\/seo\/ -->\n<title>Tipsa Oss - Primecrime<\/title>\n<meta name=\"robots\" content=\"index, follow, max-snippet:-1, max-image-preview:large, max-video-preview:-1\" \/>\n<link rel=\"canonical\" href=\"https:\/\/primecrime.se\/app\/tipsa-oss\/\" \/>\n<meta property=\"og:locale\" content=\"en_US\" \/>\n<meta property=\"og:type\" content=\"article\" \/>\n<meta property=\"og:title\" content=\"Tipsa Oss - Primecrime\" \/>\n<meta property=\"og:description\" content=\"Skicka oss ditt tips nedan: Finns det n\u00e5gon dom som du saknar i v\u00e5r databas? Om domen har fallit inom de senaste tv\u00e5 veckorna kan vi s\u00e4kert hj\u00e4lpa dig. &quot;*&quot; indicates required fields Namn* E-post* Ange tingsr\u00e4tt*Alings\u00e5s tingsr\u00e4ttAttunda tingsr\u00e4ttBlekinge tingsr\u00e4ttBor\u00e5s tingsr\u00e4ttEksj\u00f6 tingsr\u00e4ttEskilstuna tingsr\u00e4ttFalu tingsr\u00e4ttGotlands tingsr\u00e4ttG\u00e4llivare tingsr\u00e4ttG\u00e4vle tingsr\u00e4ttG\u00f6teborgs tingsr\u00e4ttHalmstads tingsr\u00e4ttHaparanda tingsr\u00e4ttHelsingborgs tingsr\u00e4ttHudiksvalls tingsr\u00e4ttH\u00e4ssleholms tingsr\u00e4ttJ\u00f6nk\u00f6pings tingsr\u00e4ttKalmar tingsr\u00e4ttKristianstads&hellip;\" \/>\n<meta property=\"og:url\" content=\"https:\/\/primecrime.se\/app\/tipsa-oss\/\" \/>\n<meta property=\"og:site_name\" content=\"Primecrime\" \/>\n<meta property=\"article:publisher\" content=\"https:\/\/www.facebook.com\/primecrime.se\" \/>\n<meta property=\"article:modified_time\" content=\"2023-02-08T17:25:29+00:00\" \/>\n<meta property=\"og:image\" content=\"https:\/\/primecrime.se\/app\/wp-content\/uploads\/2023\/02\/macbook-pro-mockup-template-at-a-bedroom-with-window-blinds-1.jpeg\" \/>\n\t<meta property=\"og:image:width\" content=\"1920\" \/>\n\t<meta property=\"og:image:height\" content=\"678\" \/>\n\t<meta property=\"og:image:type\" content=\"image\/jpeg\" \/>\n<meta name=\"twitter:card\" content=\"summary_large_image\" \/>\n<meta name=\"twitter:site\" content=\"@primecrimese\" \/>\n<meta name=\"twitter:label1\" content=\"Est. reading time\" \/>\n\t<meta name=\"twitter:data1\" content=\"1 minute\" \/>\n<script type=\"application\/ld+json\" class=\"yoast-schema-graph\">{\"@context\":\"https:\/\/schema.org\",\"@graph\":[{\"@type\":\"WebPage\",\"@id\":\"https:\/\/primecrime.se\/app\/tipsa-oss\/\",\"url\":\"https:\/\/primecrime.se\/app\/tipsa-oss\/\",\"name\":\"Tipsa Oss - Primecrime\",\"isPartOf\":{\"@id\":\"https:\/\/primecrime.se\/app\/#website\"},\"primaryImageOfPage\":{\"@id\":\"https:\/\/primecrime.se\/app\/tipsa-oss\/#primaryimage\"},\"image\":{\"@id\":\"https:\/\/primecrime.se\/app\/tipsa-oss\/#primaryimage\"},\"thumbnailUrl\":\"https:\/\/primecrime.se\/app\/wp-content\/uploads\/2023\/02\/macbook-pro-mockup-template-at-a-bedroom-with-window-blinds-1.jpeg\",\"datePublished\":\"2023-02-08T17:17:19+00:00\",\"dateModified\":\"2023-02-08T17:25:29+00:00\",\"breadcrumb\":{\"@id\":\"https:\/\/primecrime.se\/app\/tipsa-oss\/#breadcrumb\"},\"inLanguage\":\"en-US\",\"potentialAction\":[{\"@type\":\"ReadAction\",\"target\":[\"https:\/\/primecrime.se\/app\/tipsa-oss\/\"]}]},{\"@type\":\"ImageObject\",\"inLanguage\":\"en-US\",\"@id\":\"https:\/\/primecrime.se\/app\/tipsa-oss\/#primaryimage\",\"url\":\"https:\/\/primecrime.se\/app\/wp-content\/uploads\/2023\/02\/macbook-pro-mockup-template-at-a-bedroom-with-window-blinds-1.jpeg\",\"contentUrl\":\"https:\/\/primecrime.se\/app\/wp-content\/uploads\/2023\/02\/macbook-pro-mockup-template-at-a-bedroom-with-window-blinds-1.jpeg\",\"width\":1920,\"height\":678},{\"@type\":\"BreadcrumbList\",\"@id\":\"https:\/\/primecrime.se\/app\/tipsa-oss\/#breadcrumb\",\"itemListElement\":[{\"@type\":\"ListItem\",\"position\":1,\"name\":\"Home\",\"item\":\"https:\/\/primecrime.se\/app\/\"},{\"@type\":\"ListItem\",\"position\":2,\"name\":\"Tipsa Oss\"}]},{\"@type\":\"WebSite\",\"@id\":\"https:\/\/primecrime.se\/app\/#website\",\"url\":\"https:\/\/primecrime.se\/app\/\",\"name\":\"PimeCrime\",\"description\":\"\",\"publisher\":{\"@id\":\"https:\/\/primecrime.se\/app\/#organization\"},\"potentialAction\":[{\"@type\":\"SearchAction\",\"target\":{\"@type\":\"EntryPoint\",\"urlTemplate\":\"https:\/\/primecrime.se\/app\/?s={search_term_string}\"},\"query-input\":{\"@type\":\"PropertyValueSpecification\",\"valueRequired\":true,\"valueName\":\"search_term_string\"}}],\"inLanguage\":\"en-US\"},{\"@type\":\"Organization\",\"@id\":\"https:\/\/primecrime.se\/app\/#organization\",\"name\":\"Prime Crime\",\"url\":\"https:\/\/primecrime.se\/app\/\",\"logo\":{\"@type\":\"ImageObject\",\"inLanguage\":\"en-US\",\"@id\":\"https:\/\/primecrime.se\/app\/#\/schema\/logo\/image\/\",\"url\":\"https:\/\/primecrime.se\/app\/wp-content\/uploads\/2023\/02\/mockup-of-a-round-outdoor-sign.png\",\"contentUrl\":\"https:\/\/primecrime.se\/app\/wp-content\/uploads\/2023\/02\/mockup-of-a-round-outdoor-sign.png\",\"width\":1920,\"height\":1280,\"caption\":\"Prime Crime\"},\"image\":{\"@id\":\"https:\/\/primecrime.se\/app\/#\/schema\/logo\/image\/\"},\"sameAs\":[\"https:\/\/www.facebook.com\/primecrime.se\",\"https:\/\/x.com\/primecrimese\",\"https:\/\/www.instagram.com\/primecrime.se\/\",\"https:\/\/www.youtube.com\/channel\/UCWEzkHZ0IdBW5ZgBcDFr_0Q\"]}]}<\/script>\n<!-- \/ Yoast SEO plugin. -->","yoast_head_json":{"title":"Tipsa Oss - Primecrime","robots":{"index":"index","follow":"follow","max-snippet":"max-snippet:-1","max-image-preview":"max-image-preview:large","max-video-preview":"max-video-preview:-1"},"canonical":"https:\/\/primecrime.se\/app\/tipsa-oss\/","og_locale":"en_US","og_type":"article","og_title":"Tipsa Oss - Primecrime","og_description":"Skicka oss ditt tips nedan: Finns det n\u00e5gon dom som du saknar i v\u00e5r databas? Om domen har fallit inom de senaste tv\u00e5 veckorna kan vi s\u00e4kert hj\u00e4lpa dig. &quot;*&quot; indicates required fields Namn* E-post* Ange tingsr\u00e4tt*Alings\u00e5s tingsr\u00e4ttAttunda tingsr\u00e4ttBlekinge tingsr\u00e4ttBor\u00e5s tingsr\u00e4ttEksj\u00f6 tingsr\u00e4ttEskilstuna tingsr\u00e4ttFalu tingsr\u00e4ttGotlands tingsr\u00e4ttG\u00e4llivare tingsr\u00e4ttG\u00e4vle tingsr\u00e4ttG\u00f6teborgs tingsr\u00e4ttHalmstads tingsr\u00e4ttHaparanda tingsr\u00e4ttHelsingborgs tingsr\u00e4ttHudiksvalls tingsr\u00e4ttH\u00e4ssleholms tingsr\u00e4ttJ\u00f6nk\u00f6pings tingsr\u00e4ttKalmar tingsr\u00e4ttKristianstads&hellip;","og_url":"https:\/\/primecrime.se\/app\/tipsa-oss\/","og_site_name":"Primecrime","article_publisher":"https:\/\/www.facebook.com\/primecrime.se","article_modified_time":"2023-02-08T17:25:29+00:00","og_image":[{"width":1920,"height":678,"url":"https:\/\/primecrime.se\/app\/wp-content\/uploads\/2023\/02\/macbook-pro-mockup-template-at-a-bedroom-with-window-blinds-1.jpeg","type":"image\/jpeg"}],"twitter_card":"summary_large_image","twitter_site":"@primecrimese","twitter_misc":{"Est. reading time":"1 minute"},"schema":{"@context":"https:\/\/schema.org","@graph":[{"@type":"WebPage","@id":"https:\/\/primecrime.se\/app\/tipsa-oss\/","url":"https:\/\/primecrime.se\/app\/tipsa-oss\/","name":"Tipsa Oss - Primecrime","isPartOf":{"@id":"https:\/\/primecrime.se\/app\/#website"},"primaryImageOfPage":{"@id":"https:\/\/primecrime.se\/app\/tipsa-oss\/#primaryimage"},"image":{"@id":"https:\/\/primecrime.se\/app\/tipsa-oss\/#primaryimage"},"thumbnailUrl":"https:\/\/primecrime.se\/app\/wp-content\/uploads\/2023\/02\/macbook-pro-mockup-template-at-a-bedroom-with-window-blinds-1.jpeg","datePublished":"2023-02-08T17:17:19+00:00","dateModified":"2023-02-08T17:25:29+00:00","breadcrumb":{"@id":"https:\/\/primecrime.se\/app\/tipsa-oss\/#breadcrumb"},"inLanguage":"en-US","potentialAction":[{"@type":"ReadAction","target":["https:\/\/primecrime.se\/app\/tipsa-oss\/"]}]},{"@type":"ImageObject","inLanguage":"en-US","@id":"https:\/\/primecrime.se\/app\/tipsa-oss\/#primaryimage","url":"https:\/\/primecrime.se\/app\/wp-content\/uploads\/2023\/02\/macbook-pro-mockup-template-at-a-bedroom-with-window-blinds-1.jpeg","contentUrl":"https:\/\/primecrime.se\/app\/wp-content\/uploads\/2023\/02\/macbook-pro-mockup-template-at-a-bedroom-with-window-blinds-1.jpeg","width":1920,"height":678},{"@type":"BreadcrumbList","@id":"https:\/\/primecrime.se\/app\/tipsa-oss\/#breadcrumb","itemListElement":[{"@type":"ListItem","position":1,"name":"Home","item":"https:\/\/primecrime.se\/app\/"},{"@type":"ListItem","position":2,"name":"Tipsa Oss"}]},{"@type":"WebSite","@id":"https:\/\/primecrime.se\/app\/#website","url":"https:\/\/primecrime.se\/app\/","name":"PimeCrime","description":"","publisher":{"@id":"https:\/\/primecrime.se\/app\/#organization"},"potentialAction":[{"@type":"SearchAction","target":{"@type":"EntryPoint","urlTemplate":"https:\/\/primecrime.se\/app\/?s={search_term_string}"},"query-input":{"@type":"PropertyValueSpecification","valueRequired":true,"valueName":"search_term_string"}}],"inLanguage":"en-US"},{"@type":"Organization","@id":"https:\/\/primecrime.se\/app\/#organization","name":"Prime Crime","url":"https:\/\/primecrime.se\/app\/","logo":{"@type":"ImageObject","inLanguage":"en-US","@id":"https:\/\/primecrime.se\/app\/#\/schema\/logo\/image\/","url":"https:\/\/primecrime.se\/app\/wp-content\/uploads\/2023\/02\/mockup-of-a-round-outdoor-sign.png","contentUrl":"https:\/\/primecrime.se\/app\/wp-content\/uploads\/2023\/02\/mockup-of-a-round-outdoor-sign.png","width":1920,"height":1280,"caption":"Prime Crime"},"image":{"@id":"https:\/\/primecrime.se\/app\/#\/schema\/logo\/image\/"},"sameAs":["https:\/\/www.facebook.com\/primecrime.se","https:\/\/x.com\/primecrimese","https:\/\/www.instagram.com\/primecrime.se\/","https:\/\/www.youtube.com\/channel\/UCWEzkHZ0IdBW5ZgBcDFr_0Q"]}]}},"_links":{"self":[{"href":"https:\/\/primecrime.se\/app\/wp-json\/wp\/v2\/pages\/232","targetHints":{"allow":["GET"]}}],"collection":[{"href":"https:\/\/primecrime.se\/app\/wp-json\/wp\/v2\/pages"}],"about":[{"href":"https:\/\/primecrime.se\/app\/wp-json\/wp\/v2\/types\/page"}],"author":[{"embeddable":true,"href":"https:\/\/primecrime.se\/app\/wp-json\/wp\/v2\/users\/1"}],"replies":[{"embeddable":true,"href":"https:\/\/primecrime.se\/app\/wp-json\/wp\/v2\/comments?post=232"}],"version-history":[{"count":0,"href":"https:\/\/primecrime.se\/app\/wp-json\/wp\/v2\/pages\/232\/revisions"}],"wp:featuredmedia":[{"embeddable":true,"href":"https:\/\/primecrime.se\/app\/wp-json\/wp\/v2\/media\/233"}],"wp:attachment":[{"href":"https:\/\/primecrime.se\/app\/wp-json\/wp\/v2\/media?parent=232"}],"curies":[{"name":"wp","href":"https:\/\/api.w.org\/{rel}","templated":true}]}}